-45)/10. Calculate a(o).
4
Let s(d) = d**2 - 6*d - 18. Let n be s(8). Let t(l) be the first derivative of l**4/4 + l**3 + l**2/2 - 2*l - 1. What is t(n)?
0
Let s(m) be the third derivative of m**4/12 - 4*m**3/3 + m**2. Let n = -4 + 6. Let x = n + 4. Calculate s(x).
4
Let z(p) = 2 - 2*p**2 - 2*p**2 + p**3 + 2 + 3*p. Suppose 0 = -0*c + 5*c + 3*a - 21, 0 = 4*a - 8. Give z(c).
4
Let b(h) = 2*h**2 + 3*h - 3. Let t = -47 + 44. Calculate b(t).
6
Let h(z) = z**3 + z**2 + z - 11. Let y(m) = -m**3 - 23*m**2 - 25*m - 66. Let c be y(-22). What is h(c)?
-11
Let l(a) = a**2 + 6*a + 9. Suppose 4*m + 23 + 7 = 2*c, 0 = -4*m + 3*c - 33. Determine l(m).
9
Let f(o) = -o**2 - 4. Suppose -c - 4 = -t - 3*t, -4*c - 16 = -t. Determine f(t).
-4
Let y(b) be the third derivative of -b**7/2520 + b**6/720 - b**5/30 + 2*b**2. Let g(x) be the third derivative of y(x). Calculate g(5).
-9
Let l(k) be the first derivative of k**4/4 - 11*k**3/3 + 9*k**2/2 + 8*k - 22. Calculate l(10).
-2
Let l(z) = -z**3 - 2*z**2 + 2*z. Let v(i) = -i**3 + 8*i**2 + 9*i + 3. Let c be v(9). Suppose -k = -4*g - 16, 0 = 5*g - 5*k + c + 32. Determine l(g).
3
Let c be 10/(-25) - (-48)/20. Let u(o) be the second derivative of 0 - 3/2*o**2 + 1/3*o**3 + 1/12*o**4 + c*o. Determine u(-4).
5
Suppose -k - 3*t = 2 - 16, -t = -3*k + 2. Let y(b) = 5*b**2 - b**3 - k*b**2 - b + 4*b + 4. Give y(4).
0
Let k(b) = -b**3 + 4*b**2 - 3*b. Let f(t) = 18*t + 74. Let u be f(-4). Give k(u).
2
Suppose -3*d - 2*j = -16, -5*d + 2*j + 10 = -3*j. Let z(o) = o**3 - 2*o**2 - 3*o - 4. Determine z(d).
16
Let m(n) be the third derivative of -n**4/6 - 5*n**2. What is m(-2)?
8
Suppose -8 - 7 = 5*f. Let c(n) = -n**2 - 2*n. What is c(f)?
-3
Let n(d) = 8*d**2 - 12*d**2 - 1 + 5*d - d**3 + 5 - d. Suppose 2*c = -3 - 5. Give n(c).
-12
Suppose 0 = -0*y - 4*y - 20, -2*z + 24 = -4*y. Let q(s) be the second derivative of s**4/6 - s**3/3 + s**2/2 - 47*s. Calculate q(z).
5
Let d(b) = -b**2. Suppose -25 = -5*a, l - 5*a + 19 = 4*l. What is d(l)?
-4
Let p(r) = -8*r - r + 10*r + 5*r. Give p(-2).
-12
Let q be (2 + 1 + 4)/(-1). Let i(p) be the first derivative of -p**2/2 - 4*p - 3. Let a be i(q). Let k(c) = -c**3 + 4*c**2 - 5*c + 4. Determine k(a).
-2
Let q(a) = 2 - 3*a + 2*a**2 - 3 - 3*a**2. Let f = -2 - 2. Give q(f).
-5
Let m(q) = 8*q**2 - 4*q - 7. Let x(u) = -7*u**2 + 3*u + 6. Let v(s) = -6*m(s) - 7*x(s). Let y = 14 - 17. Determine v(y).
0
Suppose -17*n - 152 = 1. Let c(m) = m**2 + 8*m + 1. What is c(n)?
10
Let t = 5 + -2. Suppose 2*y + 9 = 5*n, -7*n + t*n = -3*y - 3. Let q(h) = 5*h**3 - 4*h**n - 2*h**2 + 5*h - 4*h + 3*h**2. Give q(-2).
-6
Let q(w) = 5*w + 2. Let j(t) = -4*t - 2. Let i(a) = 6*j(a) + 5*q(a). Determine i(4).
2
Suppose 0 = -v - c + 6, -v + 6*c = 2*c + 19. Let r(z) = 4*z**3 - 5*z**2 - 5*z + 1. Let j(d) = d**2 + d. Let f(m) = -4*j(m) - r(m). Give f(v).
-3
Suppose 0*l + 3*l = -5*q + 13, -19 = -3*l + q. Let z(b) = 0*b**3 + 7*b**2 + 3*b**3 + 5 - 8*b + 3*b**3 - 7*b**3. Determine z(l).
-7
Let t(m) = -3*m**3 - 6*m**2 - 4*m - 8. Let v(a) = 2*a**3 + 6*a**2 + 4*a + 7. Let p(i) = 3*t(i) + 4*v(i). Give p(7).
-17
Let d(l) = -l**2 - 4*l + 6. Suppose 2*v + v = 3. Let s(c) be the first derivative of -c**4 - c**3/3 - c**2/2 + c - 1. Let n be s(v). Calculate d(n).
1
Let b(a) = -2*a**2 + 2*a**2 - 5*a**2. Suppose -5*l = -10 + 15. Calculate b(l).
-5
Let s(o) = -o + 3. Suppose 0 = -3*f - i + 5, 3*f + 3*i - 15 = 0. Suppose -4*l + 41 + 7 = f. Suppose 0*v - l = 3*v. Determine s(v).
7
Let k(d) be the first derivative of 0*d + 3*d**2 + d + 0*d - 2*d + 2. Calculate k(-1).
-7
Let c = -16 + -38. Let q be 2/(-5) + c/(-10). Let g(i) = -i**2 + 6*i - 4. Give g(q).
1
Let q(l) = 2*l**3 + 11*l + 14. Let w(c) = -c**3 - 4*c - 5. Let v(s) = -6*q(s) - 17*w(s). Suppose 4 + 0 = -4*a. Give v(a).
-6
Let o(p) = -4 + 0*p**3 + p**3 + 7*p - 3*p + 5*p**2. Suppose -2*s = -3*s - 2. Let u be (-36)/8 - s/4. Calculate o(u).
-4
Let s(i) = i**3 - i**2 + i + 8. Let a be (-6)/(0 + 3/2). Let z = a + 7. Suppose -z*b = -12, 0 = -g + 4*g + 2*b - 8. Calculate s(g).
8
Let v(t) = 0*t - 2*t + t**2 - 2*t - 4. Let x = -5 + 5. Let y = 3 + x. Calculate v(y).
-7
Let r(l) = 4*l + 12. Let m be r(-2). Let t(x) = -x**2 + 8*x - 1. Determine t(m).
15
Let o(j) = -j**3 - 6*j**2 - 6*j - 5. Suppose 3*c = -3*r - 1 - 17, -4*c = -3*r + 17. Calculate o(c).
0
Let n(d) be the third derivative of 0*d - 4*d**2 + 0*d**3 + 0 + 0*d**4 - 7/60*d**5 - 1/120*d**6. Calculate n(-7).
0
Let y be 3*(-20)/15 + 9. Let k(l) = l**2 - 4*l - 7. Determine k(y).
-2
Let v(i) = 9*i**3 - i**2 - 3*i + 4. Let y(j) = -5*j**3 + j**2 + 2*j - 2. Let f(l) = -4*v(l) - 7*y(l). What is f(-3)?
4
Let v(u) = -3*u + 1. Let c(z) = -3*z - z**2 + 2*z**2 + 2 + 6*z. Let l be c(-3). Suppose 2*w = 3*y - 11, -l*w + 0*y = -2*y + 8. Give v(w).
4
Suppose -25 = -2*o - i, 3*i = i + 6. Let m(n) = -n + 8. Calculate m(o).
-3
Let k(x) = 4*x + 5. Let l(y) = y + 1. Let r(n) = -k(n) + 3*l(n). Give r(-3).
1
Let p = -6 + 10. Suppose 4*o + 5 = d + p*d, -3*d = o - 20. Let t(k) be the third derivative of k**5/60 - k**4/6 + k**3/6 - 4*k**2. Determine t(o).
6
Let k(v) be the second derivative of -v**5/20 + v**2/2 - 6*v. Calculate k(2).
-7
Suppose 9 = -r + 6. Let w(m) = -m**3 - 5*m**2 - 4*m - 1. Calculate w(r).
-7
Let m(w) = 950*w**2 - 2*w - 479*w**2 - 472*w**2. Let h(t) = t + 3. Let g be h(-7). Determine m(g).
-8
Let l(j) = -j + 10. Suppose -19 = -5*v + 3*g, g + 2*g - 6 = 0. Give l(v).
5
Let v = 6 - 4. Let m = v + -1. Let d(c) = c**2. Let p(b) = -2*b**2 - 1. Let x(l) = -5*d(l) + p(l). What is x(m)?
-8
Suppose -3*f - 3*m = -12, 3*f - m + 0*m - 12 = 0. Let n(a) = -a**2 + 3*a + a + 0*a + f. What is n(5)?
-1
Let i(m) = m - 1. Let v be i(6). Let t = -1 + 3. Let u(y) = -3 + 2 - y**2 - 3*y + y**2 + y**t. Calculate u(v).
9
Let h(r) be the third derivative of r**6/120 - r**5/30 - r**4/12 + r**3/2 - 6*r**2. Suppose -5*t + 12 = s, t + 0*t = -s. Determine h(t).
6
Let r(h) be the second derivative of h**5/20 - 3*h**4/4 - h**3/6 + 5*h**2/2 - 14*h - 2. Calculate r(9).
-4
Let n(k) be the second derivative of 11*k**3/6 - 7*k. What is n(1)?
11
Let m = -2 + 2. Suppose m = -2*t + 6 - 2. Let d be 0/3 - -6 - t. Let n(q) = q**3 - 3*q**2 - 4*q - 3. Give n(d).
-3
Suppose 18*l = 20*l + 2. Let s(h) = 10*h**3 - h**2 + 1. What is s(l)?
-10
Let n(c) = -c**3 - 8*c**2 - 5*c - 4. Suppose 0*r + 7 = -r. Calculate n(r).
-18
Let u = 1 - 1. Let o(k) = -1 - k + 0*k**2 - 6*k**3 + u*k**2. Suppose 0 = -3*n + 3*p - 18, 5*p - 28 = n + 2*n. Calculate o(n).
6
Let r(u) = -2*u**2 + 0*u**2 - 5*u - u**2 + 6*u. Suppose 0*k = -k + 1. Calculate r(k).
-2
Let o(u) = -3*u**3 - 458*u + 2 + 2*u**3 + 3*u**2 + 457*u. Calculate o(4).
-18
Let x(d) be the first derivative of d**2/2 - 2*d + 2. Let f = -14 + 9. Give x(f).
-7
Let g(k) = -3*k + 2. Let b be (-64)/(-12) + (-3)/9. Calculate g(b).
-13
Suppose -7*v + 4*v = a, v + a = -2. Let m(i) = 6*i**2 - i. Give m(v).
5
Let t(g) be the second derivative of g**6/720 + 11*g**5/120 + g**4/12 - 2*g. Let q(k) be the third derivative of t(k). Let d = -10 - -5. What is q(d)?
6
Let y = 2 - -2. Let g(d) = -3*d**3 + 2*d**2 - d - 1. Let v(b) = -16*b**3 + 9*b**2 - 5*b - 4. Let f(j) = -11*g(j) + 2*v(j). Calculate f(y).
7
Let n be 2 + -6 - 1*-1. Let d(l) be the first derivative of -4*l**2 - 3*l + 5*l**2 + 3 + l**2 - 3*l**2. What is d(n)?
3
Let x(v) = 4*v**3 - v**2 - 6*v - 1. Let s(t) = 5*t**3 - 7*t. Let z(r) = -5*s(r) + 6*x(r). What is z(-6)?
0
Suppose 3*z - 3*q - 18 = 0, -2*q - 3*q + 6 = z. Let h(x) = -z*x + 1 + 4 + 1 + x**2. Suppose -f - 40 = -5*a + f, 0 = 4*f + 20. What is h(a)?
6
Let l(o) = -6*o**2 - 7*o - 3. Let p(n) = -n**2 - n. Let i(q) = l(q) - 4*p(q). What is i(-2)?
-5
Suppose -2*j = 4*j + 42. Let m(a) = a**3 + 8*a**2 + 6*a - 7. What is m(j)?
0
Let f = 124 + -122. Let v(b) = 2*b + 2 - 2 + 2*b**2 - 2. What is v(f)?
10
Let z(g) be the third derivative of -g**4/12 - g**3/2 - g**2. Determine z(-5).
7
Let x(w) = w**3 - w**2 - 5*w + 3. Let i(g) = -g + 1. Let u(c) = -2*i(c) + x(c). Suppose -8 = -0*l + 4*l. Let n = l - -4. Determine u(n).
-1
Let c(v) be the second derivative of -v**6/360 + v**5/120 + v**3/6 + 2*v. Let l(q) be the second derivative of c(q). Give l(-1).
-2
Let o(r) = -r**3 - r**2 - 10. Let s = 7 - 5. Suppose -m + s*m + 3*p = 17, 5 = 5*m - p. Suppose 0*w - 25 = 5*z - 5*w, -4*z + m*w - 10 = 0. What is o(